e 15) to base 13.
18a42
What is 9036 (base 12) in base 15?
4949
What is -41c279 (base 13) in base 2?
-101111000000110110111
11430201 (base 5) to base 15
220bb
-1886455 (base 10) to base 4
-13030203313
-111101110011110010 (base 2) to base 7
-2103051
What is -101110010100110110 (base 2) in base 10?
-189750
What is -302223213 (base 4) in base 8?
-625347
Convert -515329 (base 11) to base 16.
-c9e41
252320 (base 8) to base 5
10242443
What is -301120301 (base 6) in base 3?
-100120220101001
What is 100001111111100 (base 2) in base 3?
212212121
-32b0a (base 12) to base 16
-106ba
10101101010100110 (base 2) to base 12
43432
Convert -3884673 (base 10) to base 14.
-7319a9
c98815 (base 14) to base 11
3940393
Convert -875587 (base 10) to base 14.
-18b13d
-210020322 (base 4) to base 11
-a123a
50044433 (base 6) to base 14
2884cd
5324303 (base 6) to base 2
111111100001001111
-120164 (base 9) to base 15
-1665a
Convert -4670a2 (base 11) to base 5.
-142211404
Convert -2c687 (base 13) to base 4.
-110222003
What is 10289b (base 14) in base 3?
1000200121211
-1579709 (base 10) to base 15
-2130de
-3c5da (base 16) to base 14
-66174
What is 4521a8 (base 12) in base 10?
1102736
-21250 (base 12) to base 5
-2343143
Convert 210202200 (base 3) to base 13.
72b7
What is -2309002 (base 10) in base 4?
-20303232022
3fbe3 (base 16) to base 2
111111101111100011
What is -183a059 (base 11) in base 16?
-2f90d2
What is -432220002 (base 5) in base 4?
-13000021223
Convert -4402c (base 15) to base 7.
-1556601
-b1a31d (base 14) to base 7
-101564536
Convert 120300431 (base 5) to base 12.
229b7a
1111100100010001 (base 2) to base 14
19345
What is -1bbb22 (base 15) in base 3?
-2112212220212
Convert 4055122 (base 7) to base 5.
111000011
1ba626 (base 13) to base 5
140132410
Convert 14959c (base 16) to base 15.
1b9a9a
What is -326344 (base 9) in base 14?
-51074
What is -536049 (base 15) in base 2?
-1111001001000000101101
Convert 22e1f6 (base 16) to base 15.
30254a
3624164 (base 8) to base 2
11110010100001110100
25916a9 (base 11) to base 9
8381527
What is -2212332430 (base 5) in base 9?
-10038006
-1182094 (base 10) to base 8
-4404616
-1012201322 (base 4) to base 11
-188058
10503531 (base 6) to base 4
1032002233
Convert -46456 (base 7) to base 2.
-10111001111011
What is -2333242 (base 6) in base 12?
-5a222
Convert 31333134 (base 5) to base 9.
437843
2110102100221 (base 3) to base 8
4771345
333303011 (base 4) to base 2
111111110011000101
Convert -101010111100111011110011 (base 2) to base 12.
-392bbab
Convert -33643526 (base 7) to base 13.
-7ba097
Convert 159945 (base 12) to base 11.
232600
Convert 242043114 (base 5) to base 15.
1742de
-1112212210211 (base 3) to base 16
-c9427
What is -6239c1 (base 13) in base 9?
-4274543
Convert -522451403 (base 6) to base 5.
-4311323321
What is 10106302 (base 7) in base 6?
30020421
-27133 (base 13) to base 14
-1c6da
What is -661744 (base 8) in base 12?
-a86b0
-3142451 (base 6) to base 5
-14403120
What is -240341104 (base 5) in base 14?
-20ada3
34563 (base 12) to base 8
210433
1033b8 (base 14) to base 8
2053766
What is 5877327 (base 9) in base 2?
1100001000100101011111
What is -571530 (base 8) in base 3?
-100211020210
Convert 8c0a5 (base 14) to base 16.
531b1
Convert -1080631 (base 9) to base 3.
-1002200201001
Convert 25517020 (base 8) to base 6.
321400212
-f9d22 (base 16) to base 10
-1023266
-10040535 (base 7) to base 14
-179a1c
Convert 100000001011000001000 (base 2) to base 13.
2abac7
What is 1222203324 (base 5) in base 14?
5633ad
Convert 24255641 (base 7) to base 15.
2cb8ae
100230023320 (base 4) to base 11
2519245
Convert -144a19 (base 13) to base 9.
-835382
What is -52215 (base 12) in base 2?
-11010001110110001
-1352272 (base 9) to base 8
-2653246
10211120011001 (base 3) to base 10
2038393
Convert -416142 (base 8) to base 12.
-68082
Convert -103221233 (base 5) to base 7.
-3532640
Convert -1ab18 (base 15) to base 11.
-5a2a6
What is -1111001011001001011000 (base 2) in base 10?
-3977816
What is 4430324 (base 9) in base 11?
1387621
What is -1110212102 (base 3) in base 13?
-102c8
What is -100011010000101101011 (base 2) in base 5?
-243433220
What is 22b8b (base 12) in base 2?
1011011000011011
-12210010021 (base 3) to base 2
-11011110010010100
6202 (base 10) to base 13
2a91
What is -200865 (base 9) in base 13?
-420cb
Convert -12244232 (base 5) to base 6.
-2313300
1383436 (base 13) to base 9
12553484
What is -5a785 (base 16) in base 4?
-1122132011
b224b4 (base 15) to base 4
200101331302
What is 2333230020 (base 4) in base 13?
2164bc
-329412 (base 10) to base 6
-11021020
-4a32c2 (base 16) to base 13
-1013418
-202154343 (base 6) to base 13
-94556a
Convert -2221211110001 (base 3) to base 8.
-5774770
2526065 (base 8) to base 3
1022112110101
Convert 422050 (base 8) to base 4.
202100220
-a75063 (base 11) to base 8
-6436651
Convert -101011011001110111001111 (base 2) to base 14.
-1722795
Convert 56a (base 13) to base 10.
933
Convert 2cc669 (base 15) to base 2.
1000010001010110000111
23031300111 (base 4) to base 9
5470733
Convert -22543405 (base 8) to base 5.
-2223304423
11111011010110101011 (base 2) to base 15
1550b7
What is 33b21cb (base 13) in base 11?
8a89912
-11101220002 (base 3) to base 14
-2382c
What is -10110000010100111 (base 2) in base 15?
-1bb39
What is 100323213323 (base 4) in base 6?
235044415
What is 108429 (base 10) in base 14?
2b72d
-111100110000000010110011 (base 2) to base 8
-74600263
Convert -680690 (base 11) to base 10.
-1084259
What is -244550 (base 12) in base 16?
-8fa0c
What is 122524 (base 9) in base 15?
16e21
1a3906 (base 11) to base 15
62919
40a564 (base 16) to base 12
1503918
Convert -41aa15 (base 15) to base 11.
-1844242
What is -50627722 (base 8) in base 2?
-101000110010111111010010
2436350 (base 8) to base 9
1232332
Convert -243020405 (base 6) to base 8.
-21502565
Convert 700b3 (base 12) to base 8.
433607
What is -8c3740 (base 14) in base 15?
-644464
Convert -86e6e7 (base 15) to base 8.
-30411657
Convert 4761 (base 11) to base 14.
23b8
-3047a (base 16) to base 14
-520d4
Convert 1353134 (base 7) to base 8.
541672
Convert 31603633 (base 7) to base 9.
5050557
What is -2d1928 (base 15) in base 11?
-1260671
-3202312303 (base 4) to base 3
-1202012121221
Convert 611570 (base 8) to base 15.
3eae7
-43b561 (base 13) to base 16
-185a2a
What is -1101001011001000000 (base 2) in base 3?
-210221011011
Convert a2046 (base 14) to base 7.
3212116
What is -656c (base 13) in base 10?
-14117
What is 122835 (base 10) in base 2?
11101111111010011
What is -12503002 (base 9) in base 14?
-b5cb41
What is 22342 (base 9) in base 5?
433421
What is -10284048 (base 9) in base 12?
-17b042b
10a468c (base 13) to base 4
103202210201
Convert -10001110101100100000010 (base 2) to base 12.
-1695b16
108976 (base 13) to base 5
44443422
Convert 4003424 (base 6) to base 7.
1410310
4802201 (base 9) to base 15
365487
-61195 (base 11) to base 15
-1b752
Convert 3a5211 (base 12) to base 10.
962797
What is -262537 (base 12) in base 4?
-2120321323
What is 79d9 (base 15) in base 8?
62376
What is -2151523 (base 6) in base 15?
-21ed9
What is -64721 (base 9) in base 13?
-16687
What is -346287 (base 10) in base 15?
-6c90c
-124550550 (base 6) to base 9
-4576453
What is 121230112 (base 4) in base 16?
19b16
-1030301101 (base 4) to base 9
-528307
What is 7058165 (base 11) in base 5?
11144004342
Convert 5560362 (base 8) to base 5.
340440003
-10624524 (base 7) to base 6
-31541210
Convert 9f4ac (base 16) to base 8.
2372254
Convert -9809a (base 12) to base 7.
-1463512
What is -110001000000001111000 (base 2) in base 3?
-10000120200022
Convert 3647884 (base 10) to base 6.
210104204
3650b6 (base 15) to base 5
1131131141
Convert 67097b (base 12) to base 4.
12100101233
Convert -368aa (base 11) to base 10.
-52997
-7f3a3 (base 16) to base 12
-2116ab
Convert 210004 (base 10) to base 15.
42354
5bd8 (base 16) to base 14
87d6
5671707 (base 8) to base 7
16030645
Convert 2530242 (base 6) to base 11.
93349
Convert 11363b9 (base 12) to base 2.
1100100111100110111101
Convert 6430032 (base 7) to base 4.
2332200330
Convert 26534136 (base 7) to base 5.
1111230131
Convert -10001001010001111101 (base 2) to base 13.
-168c2c
-254132 (base 6) to base 9
-34432
What is ab2a4 (base 15) in base 5?
114401404
What is 19227e (base 15) in